et y(m) = 2*m - 8. Let p = 18 + -12. Let l be y(p). Calculate the remainder when j(l) is divided by 13.
12
Let p = 395 + 15. Let b = p + -222. What is the remainder when b is divided by 64?
60
Let p(o) = -o**2 + 50 + 52 - 23 + 20 - 7*o. Calculate the remainder when p(-13) is divided by 12.
9
Let p(h) = h**3 + 4*h**2 - 25. Suppose -z = 2*z - 3*u - 102, -2*u + 112 = 3*z. Calculate the remainder when p(4) is divided by z.
31
Suppose -20*m + 2300 = r - 24*m, 4*m = 0. Suppose 27*p = r + 1318. What is the remainder when p is divided by 32?
6
What is the remainder when 1640 is divided by 800/22 + (-12)/198*(-11 - -17)?
20
Let x = 176 + -676. Let t = x - -532. What is the remainder when t is divided by 21?
11
Suppose 289*m = -89*m + 35532. Calculate the remainder when 298 is divided by m.
16
Let d = -156 + 163. Suppose 3 - 31 = -d*u. What is the remainder when u is divided by (-1)/3 + (-20)/(-6)?
1
Suppose -4*x - 5*z - 263 = 0, -5*x + 0*z - z - 313 = 0. Let q = 68 + x. What is the remainder when 30 is divided by (5 - 4 - -11)*2/q?
2
Let o(w) = -11*w + 31. Let q be o(3). Let t(a) = -2*a**3 + 4*a**2 - 4*a + 1. What is the remainder when t(q) is divided by 14?
13
Suppose h - 21 = -4*q - 11, 2*q + 2 = 0. What is the remainder when 52288 is divided by h?
12
Suppose 48*k = 44*k - 48. What is the remainder when (-1 + 15)/((-8)/k) is divided by 3?
0
Suppose -548 + 143 = 5*h. Let r = 1859 - 1966. Let a = h - r. What is the remainder when 126 is divided by a?
22
Let g = 10 + -7. Suppose 0 = -l - g*l + 44. Suppose 2197 = 5*r + 1607. Calculate the remainder when r is divided by l.
8
Suppose -3*r + 516 = -5*g - 2216, -4*g = 2*r - 1814. Calculate the remainder when 2727 is divided by r.
0
Calculate the remainder when 6/15 + 120/(-550) + (-61928)/(-11) is divided by 11.
9
Suppose -38*j - 6*j + 12*j + 6592 = 0. What is the remainder when j is divided by 26?
24
Let x = -471 + 500. Suppose 0 = 5*i + 48 - 3. Let s = 25 + i. What is the remainder when x is divided by s?
13
Let b(v) = -v**3 + 6*v**2 - v - 4. Let j = 7461 + -7346. What is the remainder when j is divided by b(3)?
15
Let t(a) = a**3 + 10*a**2 + 9*a + 6. Let o be 9/(-2) + (-2)/4. Let b be t(o). Suppose 86 = 4*k - b. Calculate the remainder when k is divided by 9.
7
Let p = -797 + 799. Suppose -b - 2*g = -4*b + 78, p*b - g = 51. What is the remainder when 254 is divided by b?
14
Let p(w) = 35*w**2 + 162*w + 14. Let g(f) = 12*f**2 + 54*f + 5. Let j(b) = -17*g(b) + 6*p(b). What is the remainder when j(-10) is divided by 16?
11
Suppose 0 = -161*r + 169*r - 120. Calculate the remainder when 853 is divided by r.
13
Let m(v) = -67 + v**2 - 3303*v - 44 + 3315*v. Let i = -52 + 104. What is the remainder when i is divided by m(-19)?
8
Let k = 3 - 5. Suppose -t = 2*c + 2372, 0 = -4*c - 3*t - 2550 - 2190. What is the remainder when k/16 - c/32 is divided by 13?
11
Suppose -322*h + 324*h = -2*d + 506, -d + 244 = 2*h. Calculate the remainder when 1058 is divided by d.
10
Let d = 374 - 192. Calculate the remainder when d is divided by 111.
71
Suppose -46 = -4*n + 10. What is the remainder when 5 - (-2514)/4 - (-2655)/(-590) is divided by n?
13
Let r = 431 - 422. Suppose 0 = 12*n - r*n - 66. What is the remainder when 39 is divided by n?
17
Suppose 5*g = 18 + 32. Let o = g + -8. Suppose -q - n = -54, -232 = -4*q + 2*n + o*n. What is the remainder when q is divided by 22?
12
Let s = -18471 + 18784. Calculate the remainder when 329 is divided by s.
16
Let o = -511 + 575. Suppose 56 = 4*z + o, -c + 5 = 5*z. Let l = 254 - 136. Calculate the remainder when l is divided by c.
13
What is the remainder when 1/(-2)*(-4466)/(11 - 0) is divided by 38?
13
Let w(m) = -m**3 + 7*m**2 + 12*m - 23. Let n be w(8). Let x = n - -11. Suppose -4*h + 100 = x. What is the remainder when h is divided by 5?
0
Let u(l) = 89*l**2 - 33*l + 255. What is the remainder when u(5) is divided by 12?
11
Let g = 1568 - 1462. Calculate the remainder when 393 is divided by g.
75
Suppose -h - y - 30 = 0, -5*h + 3*y = 121 - 3. Calculate the remainder when 287 is divided by 1/((-39)/(-1410)) - (-4)/h.
35
Suppose -183*i - 11007 = -186*i - 2*w, -2*i - 5*w + 7327 = 0. What is the remainder when i is divided by 136?
135
Let g(w) = 8*w**2 + 11*w - 30. Let r be (-6)/(-2) - (5 + -9). Calculate the remainder when g(r) is divided by 55.
54
Suppose 4*i - 4*p - 60 = 0, 2*p + 81 = i + 4*i. Suppose -i*j - 14*j = -35*j. Let k = j - -44. What is the remainder when 129 is divided by k?
41
Suppose 54*s - 22995 = 12*s - 63*s. Calculate the remainder when s is divided by 24.
3
Let u(a) = 9*a**2 - 2. Let q be u(-2). Suppose -18*f + q = -236. What is the remainder when 75 is divided by f?
0
Suppose m + n = 213, -209*n + 206*n - 15 = 0. Calculate the remainder when 436 is divided by m.
0
Suppose 5*v - 47 = 3*v - 5*g, -5*v = 4*g - 143. Suppose 76 = -2*t + 3*t. Suppose -t*j = -78*j + 246. Calculate the remainder when j is divided by v.
30
Let h = -4454 - -7810. Calculate the remainder when h is divided by 1111.
23
Let v(h) = -12*h**3 - h**2 - h. Suppose 0 = 5*d - 4*w - 174, -2*w + 4*w = 2*d - 68. Let c = d - 22. Calculate the remainder when v(-2) is divided by c.
14
Suppose -5*w - j = -18538, 2*w - 6833 = j + 578. Calculate the remainder when w is divided by 35.
32
Let g be 0/(-4 + 9)*(-3)/6. Suppose 4*o = 4*l - 80, 2*l - 5*l + 2*o + 58 = g. What is the remainder when -1 - (-1)/((-1)/(-68)) is divided by l?
13
Let g = 26248 + -21357. Calculate the remainder when g is divided by 55.
51
Suppose 2*k - 15191 = -4*n - k, -n + 3*k + 3824 = 0. Calculate the remainder when n is divided by 12.
11
Let x = 11271 + -10301. What is the remainder when x is divided by 16?
10
Suppose 9*p = 14*p + 28*p - 1023. Calculate the remainder when 504 is divided by p.
8
Suppose 19*j - 62 = -5. Calculate the remainder when 2 + j/((-9)/(-672)) is divided by 46.
42
Suppose 11 = -6*k + 35. Suppose -3*o + o + 67 = c, -k*o + 4*c = -140. Calculate the remainder when 62 is divided by o.
28
Let f = 36389 + -36367. Calculate the remainder when 51324 is divided by f.
20
Suppose 5*p - 2*h + 75 = 6*p, -65 = -p + 3*h. Let o = p + -51. Let j(q) = -14*q - 1. Calculate the remainder when j(-5) is divided by o.
9
Let v = 1621 - 1589. Suppose -97 = -3*t - 2*g, t - 81*g + 82*g - v = 0. Suppose -3*l - 2 = -29. What is the remainder when t is divided by l?
6
Let b = 3175 - 2933. What is the remainder when b is divided by 98?
46
Suppose 0 = -4*k + 3*m - 57359, m + 3*m + 42988 = -3*k. Let x be 2/(-9) + k/(-36). Suppose 5*t - x - 67 = 0. What is the remainder when t is divided by 24?
21
Let i(n) = n**2 + 10*n - 637. What is the remainder when 237 is divided by i(-31)?
13
Let h = 21735 + -21717. Calculate the remainder when 2063 is divided by h.
11
Suppose 4*i + 333 - 72 = 5*c, -4*c + 3*i + 209 = 0. Let s be 105 - (5 - 1) - -4*1. Let r = -91 + s. Calculate the remainder when c is divided by r.
11
Suppose -387 + 1186 = 47*j. Let n = -4 - -31. Let a = n - -39. What is the remainder when a is divided by j?
15
Suppose 0*p = 4*p - 492. Suppose 462 = 226480*z - 226447*z. What is the remainder when p is divided by z?
11
Let w be 10/(-2)*6/(-10). Let a be (158 - (16 - 5)) + (-1 - 2). Suppose -4*d + 2*d = -5*k + 360, a = 2*k + w*d. Calculate the remainder when k is divided by 15.
12
Suppose 3*m = 1 + 5, 0 = 4*w + 5*m - 314. Suppose 4*v - i = 59, -3*v - w = -8*v + 2*i. Suppose -17 + 395 = v*s. What is the remainder when 187 is divided by s?
25
Suppose -37*n + 303 = 4*y - 36*n, 2*y + 4*n = 148. Calculate the remainder when 604 is divided by y.
72
Let k(y) = -6*y - 4 + y - 3*y + 0*y**2 - y**2. Let h(w) = -w**2 - 3*w - 5. Let x be h(-2). Calculate the remainder when 21 is divided by k(x).
10
Suppose 15*f + 576 = 7*f. Let m be 1696/18 - (-16)/f. Suppose 0 = 2*r - m - 14. Calculate the remainder when r is divided by 15.
9
Let a(x) = 16*x. Let l(s) = 93*s**2 - 14*s - 12. What is the remainder when l(-1) is divided by a(2)?
31
Let k(r) = -6*r + 192. What is the remainder when k(-5) is divided by 81?
60
Suppose 3*d - 3719 = -5*y, -4*d - 11*y + 12*y + 4928 = 0. What is the remainder when d is divided by 19?
17
Let u be (4 - 5)/(-5*5/(-7325)). Let d = -281 - u. What is the remainder when 70 is divided by d?
10
Let q = 37 + -2. Suppose 54 - 48 = 5*o + s, 3